{"id":269,"date":"2019-06-18T17:18:40","date_gmt":"2019-06-18T09:18:40","guid":{"rendered":"http:\/\/singaporesaxophonesymposium.com\/2019\/?page_id=269"},"modified":"2019-07-16T14:20:15","modified_gmt":"2019-07-16T06:20:15","slug":"alexis-seah","status":"publish","type":"page","link":"https:\/\/singaporesaxophonesymposium.com\/2019\/performers\/alexis-seah\/","title":{"rendered":"Alexis Seah"},"content":{"rendered":"\n<figure class=\"wp-block-image\"><img loading=\"lazy\" width=\"683\" height=\"1024\" src=\"http:\/\/singaporesaxophonesymposium.com\/2019\/wp-content\/uploads\/2019\/06\/Alexis-Seah-683x1024.jpg\" alt=\"\" class=\"wp-image-466\" srcset=\"https:\/\/singaporesaxophonesymposium.com\/2019\/wp-content\/uploads\/2019\/06\/Alexis-Seah-683x1024.jpg 683w, https:\/\/singaporesaxophonesymposium.com\/2019\/wp-content\/uploads\/2019\/06\/Alexis-Seah-200x300.jpg 200w, https:\/\/singaporesaxophonesymposium.com\/2019\/wp-content\/uploads\/2019\/06\/Alexis-Seah-768x1152.jpg 768w\" sizes=\"(max-width: 683px) 100vw, 683px\" \/><\/figure>\n\n\n\n<h2>Alexis Seah<\/h2>\n\n\n\n<p>Saxophonist\nAlexis Seah Hee Cheng is an avid performer in Singapore and internationally.\nShe graduated from Nanyang Academy of Fine Arts (NAFA) with a Diploma in Music\n(2014) and Bachelor of Music in collaboration with Royal College of Music\n(2016). She also received a Master in Music from Oklahoma State University\n(2019). Alexis studied under the tutelage of Leslie Wong and Dr. Jeffrey\nLoeffert, serving as the Graduate Teaching Assistant for Dr. Loeffert\u2019s\nsaxophone studio.<\/p>\n\n\n\n<p>As an active musician, Alexis has performed with numerous ensembles in Singapore and USA such as the NAFA Saxophone Quartet and Ensemble, NAFA Wind Ensemble, NAFA Orchestra, OSU Wind Ensemble, OSU Jazz Ensemble, Windstars Ensemble, West Winds, and The Philharmonic Orchestra. Alexis has also performed solos regularly at the Singapore Saxophone Symposium every year held in NAFA, and has appeared as a guest soloist with Orchestra Collective at the Esplanade Concert Hall (2014). <\/p>\n\n\n\n<p>She is also the co-founder of Xin Saxophone Quartet. As a highly versatile chamber group, Xin&nbsp;Saxophone Quartet (XSQ) is one of&nbsp;Singapore\u2019s leading professional saxophone quartets. Founded in 2016, the name Xin Saxophone Quartet plays on the Chinese character for \u201cheart\u201d and also the first character in Singapore\u2019s Chinese name. It is the quartet\u2019s motto to represent Singapore by always performing with sincerity from the heart. An additional reason for the name is because the quartet members love performing new music, commissioning Singaporean composers to write music for them \u2013 Xin also means new in Chinese.<\/p>\n\n\n\n<p>Alexis has attended numerous music festivals such as the Singapore Saxophone Symposium, Asia Pacific Saxophone Academy, World Saxophone Congress, North American Saxophone Alliance, among others.<\/p>\n\n\n\n<h3>Performers<\/h3>\n\n\n\n<p>Alexis Seah, saxophone<br>Korak Lertpibulchai, piano<\/p>\n\n\n\n<h3>Programme<\/h3>\n\n\n\n<p> Fran\u00e7ois Ross\u00e9: <em>Le fr\u00eane \u00e9gar\u00e9<\/em><\/p>\n\n\n\n<p> Alfred Desenclos: <em>Pr\u00e9lude, Cadence et Finale<\/em><\/p>\n","protected":false},"excerpt":{"rendered":"<p>Alexis Seah Saxophonist Alexis Seah Hee Cheng is an avid performer in Singapore and internationally. She graduated from Nanyang Academy of Fine Arts (NAFA) with a Diploma in Music (2014) and Bachelor of Music in collaboration with Royal College of Music (2016). She also received a Master in Music from Oklahoma State University (2019). Alexis [&hellip;]<\/p>\n","protected":false},"author":1,"featured_media":0,"parent":25,"menu_order":0,"comment_status":"closed","ping_status":"closed","template":"","meta":[],"_links":{"self":[{"href":"https:\/\/singaporesaxophonesymposium.com\/2019\/wp-json\/wp\/v2\/pages\/269"}],"collection":[{"href":"https:\/\/singaporesaxophonesymposium.com\/2019\/wp-json\/wp\/v2\/pages"}],"about":[{"href":"https:\/\/singaporesaxophonesymposium.com\/2019\/wp-json\/wp\/v2\/types\/page"}],"author":[{"embeddable":true,"href":"https:\/\/singaporesaxophonesymposium.com\/2019\/wp-json\/wp\/v2\/users\/1"}],"replies":[{"embeddable":true,"href":"https:\/\/singaporesaxophonesymposium.com\/2019\/wp-json\/wp\/v2\/comments?post=269"}],"version-history":[{"count":6,"href":"https:\/\/singaporesaxophonesymposium.com\/2019\/wp-json\/wp\/v2\/pages\/269\/revisions"}],"predecessor-version":[{"id":522,"href":"https:\/\/singaporesaxophonesymposium.com\/2019\/wp-json\/wp\/v2\/pages\/269\/revisions\/522"}],"up":[{"embeddable":true,"href":"https:\/\/singaporesaxophonesymposium.com\/2019\/wp-json\/wp\/v2\/pages\/25"}],"wp:attachment":[{"href":"https:\/\/singaporesaxophonesymposium.com\/2019\/wp-json\/wp\/v2\/media?parent=269"}],"curies":[{"name":"wp","href":"https:\/\/api.w.org\/{rel}","templated":true}]}}