{"id":805,"date":"2023-06-20T17:26:19","date_gmt":"2023-06-20T09:26:19","guid":{"rendered":"https:\/\/singaporesaxophonesymposium.com\/2023\/?page_id=805"},"modified":"2023-06-27T11:52:17","modified_gmt":"2023-06-27T03:52:17","slug":"protege-saxophone-ensemble","status":"publish","type":"page","link":"https:\/\/singaporesaxophonesymposium.com\/2023\/artists\/protege-saxophone-ensemble\/","title":{"rendered":"Prot\u00e9g\u00e9 Saxophone Ensemble"},"content":{"rendered":"\n<figure class=\"wp-block-gallery has-nested-images columns-default is-cropped wp-block-gallery-1 is-layout-flex\">\n<figure class=\"wp-block-image size-large\"><img decoding=\"async\" loading=\"lazy\" width=\"960\" height=\"720\" data-id=\"811\"  src=\"https:\/\/singaporesaxophonesymposium.com\/2023\/wp-content\/uploads\/2023\/06\/Protege-Saxophone-Ensemble.jpg\" alt=\"\" class=\"wp-image-811\" srcset=\"https:\/\/singaporesaxophonesymposium.com\/2023\/wp-content\/uploads\/2023\/06\/Protege-Saxophone-Ensemble.jpg 960w, https:\/\/singaporesaxophonesymposium.com\/2023\/wp-content\/uploads\/2023\/06\/Protege-Saxophone-Ensemble-300x225.jpg 300w, https:\/\/singaporesaxophonesymposium.com\/2023\/wp-content\/uploads\/2023\/06\/Protege-Saxophone-Ensemble-768x576.jpg 768w, https:\/\/singaporesaxophonesymposium.com\/2023\/wp-content\/uploads\/2023\/06\/Protege-Saxophone-Ensemble-800x600.jpg 800w\" sizes=\"(max-width: 960px) 100vw, 960px\" \/><\/figure>\n<\/figure>\n\n\n\n<h2 class=\"wp-block-heading\">Prot\u00e9g\u00e9 Saxophone Ensemble<\/h2>\n\n\n\n<p>Founded in 2014, the Prot\u00e9g\u00e9 Saxophone Ensemble is a semi-professional arts group based in Singapore that performs solo and ensemble saxophone works annually. Comprising of both amateur and professional saxophonists who are passionate about performing saxophone music, Prot\u00e9g\u00e9 was originally a collective of saxophone students under the tutelage of Mr. Leslie Wong.<\/p>\n\n\n\n<p><\/p>\n\n\n\n<p>Tan Yun Qu, Soprano saxophone 1<br>Johann Koh, Soprano saxophone 2<br>Marc Yee, Alto saxophone 1<br>Tommy Kwan, Alto saxophone 2<br>Luo Tianze, Tenor saxophone 1<br>Breyann Lennard, Tenor saxophone 2<br>Danielle Ong, Baritone saxophone 1<br>Yang Zongao, Baritone saxophone 2<\/p>\n","protected":false},"excerpt":{"rendered":"<p>Prot\u00e9g\u00e9 Saxophone Ensemble Founded in 2014, the Prot\u00e9g\u00e9 Saxophone Ensemble is a semi-professional arts group based in Singapore that performs solo and ensemble saxophone works annually. Comprising of both amateur and professional saxophonists who are passionate about performing saxophone music, Prot\u00e9g\u00e9 was originally a collective of saxophone students under the tutelage of Mr. Leslie Wong. [&hellip;]<\/p>\n","protected":false},"author":1,"featured_media":0,"parent":25,"menu_order":0,"comment_status":"closed","ping_status":"closed","template":"","meta":[],"_links":{"self":[{"href":"https:\/\/singaporesaxophonesymposium.com\/2023\/wp-json\/wp\/v2\/pages\/805"}],"collection":[{"href":"https:\/\/singaporesaxophonesymposium.com\/2023\/wp-json\/wp\/v2\/pages"}],"about":[{"href":"https:\/\/singaporesaxophonesymposium.com\/2023\/wp-json\/wp\/v2\/types\/page"}],"author":[{"embeddable":true,"href":"https:\/\/singaporesaxophonesymposium.com\/2023\/wp-json\/wp\/v2\/users\/1"}],"replies":[{"embeddable":true,"href":"https:\/\/singaporesaxophonesymposium.com\/2023\/wp-json\/wp\/v2\/comments?post=805"}],"version-history":[{"count":3,"href":"https:\/\/singaporesaxophonesymposium.com\/2023\/wp-json\/wp\/v2\/pages\/805\/revisions"}],"predecessor-version":[{"id":892,"href":"https:\/\/singaporesaxophonesymposium.com\/2023\/wp-json\/wp\/v2\/pages\/805\/revisions\/892"}],"up":[{"embeddable":true,"href":"https:\/\/singaporesaxophonesymposium.com\/2023\/wp-json\/wp\/v2\/pages\/25"}],"wp:attachment":[{"href":"https:\/\/singaporesaxophonesymposium.com\/2023\/wp-json\/wp\/v2\/media?parent=805"}],"curies":[{"name":"wp","href":"https:\/\/api.w.org\/{rel}","templated":true}]}}